 0 = -d - 2*x + 153, 0 = -3*x - 20 + 5. Let i = d - 162. Calculate c(i).
-3
Let n(r) = -5*r**2 - 5*r - 6. Let v(j) be the second derivative of 2*j**4/3 + 3*j**3/2 + 6*j**2 + 28*j - 1. Let o(s) = -5*n(s) - 3*v(s). What is o(-3)?
9
Let t(f) = 2*f**3 - 5*f**2 - 3*f + 4. Let g(n) = 3*n**3 - 9*n**2 - 4*n + 8. Let w(d) = 3*g(d) - 5*t(d). Let h be w(0). Let a(p) = -p**2 + 6*p + 2. What is a(h)?
10
Let h(w) = -29*w - 51. Suppose -3*c + 9*f = 5*f - 2, -6 = 3*f. Give h(c).
7
Let a(s) = 32*s**3 - s**2 - 4*s - 3. Suppose -124*x + 194 = 318. Calculate a(x).
-32
Let v(y) be the second derivative of y**3 - 20*y**2 + 11*y + 147. Calculate v(9).
14
Let q be 33/(-6)*(-16)/44. Let k(g) be the second derivative of -9*g + g**q + 0 - 1/3*g**3. What is k(6)?
-10
Let s(u) = 2*u**2 - 33*u - 17. Let x(j) = -22*j**2 - 76*j - 13. Let a be x(-3). What is s(a)?
0
Let u(b) = -78955*b - 3. Let l be u(-1). Let z(o) = 78952 - l - o. Suppose 2*f + 1 = f. Determine z(f).
1
Let v(l) be the third derivative of -l**6/120 - l**5/12 - l**4/24 + l**3/3 - l**2. Suppose -76 - 712 = 147*i - 53. What is v(i)?
7
Let s be (200/(-150))/((-8)/102). Let k(q) = -q**3 + 17*q**2 + 27. Determine k(s).
27
Suppose -3*l = -3*c + 6, 5*l = -c - 0 + 8. Let u(y) = -31684 - 21*y**2 + y**2 + 31683 + y. Determine u(l).
-20
Let w(a) be the second derivative of -7*a**3/3 + 52*a**2 - 2563*a. What is w(8)?
-8
Let v be (30/(-35))/(1*1/(-7)). Suppose 4*j + 2*d + 2 = 0, d - 26 = 5*j - v. Let x(r) = r**3 + 2*r**2 - 4*r - 2. What is x(j)?
1
Let n(x) = -14*x - 83. Let l(a) = 40*a + 254. Let j(f) = 5*l(f) + 14*n(f). Calculate j(-22).
20
Let g(z) = -18*z - 4. Suppose 4*u - 12 = -4*o, 0 = -5*o + 5*u + 52 - 27. Determine g(o).
-76
Let p(r) = r**2 - r + 3. Let j be 108/180 + 3/(-5). Calculate p(j).
3
Let l(z) be the second derivative of -z**7/2520 - z**6/80 - 11*z**5/120 - 113*z**4/12 - 19*z. Let i(s) be the third derivative of l(s). Give i(-8).
-3
Let p(n) = 2*n**2 + 18*n + 53. Suppose -4*h - 2*s - 8 = 0, h + 8*s - 9*s = -14. What is p(h)?
17
Let x(v) = -8 + v**2 + 23 + 1 + 12 - v. Suppose 0 = -9*j - 40 - 14, 2*k - 2*j = 12. Give x(k).
28
Suppose -62*f + 61*f = 4. Let q be (-6)/f*(-88)/66*-4. Let c(j) = j**2 - 8*j + 6. What is c(q)?
6
Let l(f) be the first derivative of -3*f**2/2 + 4*f - 31613. Suppose -1 = 3*a - 19. What is l(a)?
-14
Let n(y) = -y**2 - 8*y - 32. Let l be n(-7). Let o be 31 + l + -2 + 1. Let k(q) = -q + 15. Give k(o).
10
Let n(g) = g + 2*g**3 + 1 + 0*g + 12*g**2 - 3*g**3. Let o = 8719 + -8707. Determine n(o).
13
Let l(y) be the third derivative of y**4/24 - 19*y**3/6 + 460*y**2 - 2. Determine l(0).
-19
Let x(v) = -17*v**2 - 30*v - 128. Let b(i) = 9*i**2 + 14*i + 62. Let m(t) = 15*b(t) + 8*x(t). What is m(-27)?
-13
Let x(y) = 6*y - 5*y - 1 - 2*y - 1 - 14. Determine x(-9).
-7
Let o(j) = 4*j**3 - 8*j**2 + 3*j - 31. Let k be o(8). Let f(q) = -k + 761 + 768 - 2*q. Determine f(2).
-4
Let z(o) = -o**2 - 8*o - 8. Suppose -5*i = -49 - 101. Let g be ((-8)/12)/(4/i). Let r be z(g). Let l(w) = w**3 - 6*w**2 - 10*w + 9. Determine l(r).
-12
Let s(f) = -f**2 - 7*f + 43. Suppose 217*j + 2*p = 213*j - 46, -3*j + 3*p = 30. Determine s(j).
-1
Let q(i) = -3*i - 2*i**2 - 1 + 8 + 4*i + 5*i**3. Let l(x) = -x**3 + x**2 - x - 1. Suppose -20*c = -35 - 45. Let g(o) = c*l(o) + q(o). What is g(-4)?
-17
Let s be -6 + (19 - 8) + (-8)/(-1). Let v(y) be the first derivative of -2*y + s + 3/2*y**2. Determine v(2).
4
Let b = 102 + -58. Let c = b + -11. Let l(f) = -13 + c*f - 8*f - f**2 - 14*f. Give l(9).
5
Let c(m) = 11*m. Suppose -3*z - 3*d = 3, z + 2*d + 11 = -d. Suppose 11*g - 7 - z = 0. Determine c(g).
11
Let p be 4/10*(3 + (-19)/(-2)). Suppose -112 = -p*n - 122. Let b(v) be the first derivative of -5*v**3/3 - 2*v**2 - 2*v - 3. What is b(n)?
-14
Let g(q) = 3*q**2 + 2. Let c = -146 - -115. Let k = -33 - c. Give g(k).
14
Let d(b) = 2*b**2 - 3*b - 1. Let u(s) = -5*s**2 + 9*s + 2. Let r(w) = 8*d(w) + 3*u(w). Let n be 15/3 + -3 + -6 + 1. Determine r(n).
-2
Let k(o) = -o**3 + 8*o**2 + 2*o - 4. Let c = 257 - 256. Let b(t) = 7*t**3 + 1. Let y be b(c). Give k(y).
12
Let v(x) = -6*x + 13. Suppose 0*h = -6*h + 34 + 14. Determine v(h).
-35
Let q(u) be the second derivative of -1 + 0*u**3 + 0*u**2 + 2*u - 13/12*u**4. Let o(a) = -a**3 - 4*a**2 + 5*a - 1. Let b be o(-5). What is q(b)?
-13
Let h = 62 - 61. Let x(s) = 14*s - 9. Let o be x(h). Let q(b) = -b**2 + 7*b - 6. What is q(o)?
4
Let b(q) be the third derivative of -q**6/60 - 17*q**5/60 - 7*q**4/24 + q**3/2 + 2*q**2 - 368*q. What is b(-8)?
-5
Let c(k) = 47*k - 170. Let v be c(7). Let q = v - 164. Let h(p) = p**2 + 5*p - 1. Determine h(q).
-1
Suppose 8*b = b + 1344. Let r be (b/(-36))/((-6)/(-9)). Let z(w) = w**2 + 0*w**3 - w**3 - 12 - 9*w - 10*w**2. Determine z(r).
-4
Let s(y) = 9*y**3 + 16*y**2 + 2*y + 28. Let i(b) = -11*b**3 - 17*b**2 - 3*b - 28. Let k(t) = 5*i(t) + 6*s(t). Give k(11).
-5
Suppose -12*l + 45 = -423. Let g = l - 35. Let m(b) = -5*b + 9. Determine m(g).
-11
Let n(r) = 5*r**3 + 16*r**2 - 15*r + 8. Let k be n(-4). Let x(o) be the third derivative of -12*o**2 + 0 - 1/3*o**3 - 1/24*o**k + 0*o. What is x(-8)?
6
Let u(m) = -22*m**3 - m**2 + 1. Let a(c) = -c**2 + 10. Let b be a(-7). Let v be (b/91)/((-1)/7). Suppose 0 = -3*d + s + 3 + 5, -v*d - 2*s = 7. Calculate u(d).
-22
Suppose -40 = 3*l + l. Let n = l + 46. Suppose 9*c = 2*r + 8*c + 22, 3*c - n = 3*r. Let k(t) = -t**3 - 9*t**2 + 11*t + 4. What is k(r)?
-6
Let a(l) = 5*l**2 - l + 4. Let u(n) = n**3 + 5*n**2 + 22*n + 44. Let i be u(-3). What is a(i)?
88
Suppose -5*y + 4*c = -52, 0 = -70*c + 74*c + 12. Let s(j) = j**2 - 3*j - 4. What is s(y)?
36
Let k(f) = 3340*f - 35 - 3323*f - 256. Give k(18).
15
Let q(v) = -4*v**2 - 2*v - 2. Let p(d) = 7*d**2 + 4*d + 34. Let k(g) = p(g) + 2*q(g). Give k(0).
30
Let y(m) = 10*m**3 - 125*m**2 - 4*m - 794. Let o be y(13). Let a(z) be the third derivative of -13*z**4/24 + 2*z**2. Give a(o).
13
Let f = -215 + 230. Let b(v) = -10*v + f + 4*v - 14 + 5*v. Give b(1).
0
Let y(s) = s**2 - 10*s + 27. Let l be y(6). Let t = 3 - l. Let r(p) = t*p + 6 - 2*p + 3*p. What is r(-7)?
-1
Let q(r) = r**2 + 8*r - 2. Let g(v) = v + 1. Suppose -4 = j - 5. Let p(k) = j*q(k) + 3*g(k). Calculate p(-10).
-9
Let x(k) = 183*k**2 - k**3 + 11 + 2*k - 17*k + 3 - 172*k**2. Give x(10).
-36
Suppose -4*r - 4 = -3*r, 0 = 3*p + 5*r - 43. Let z(m) = 6*m - 121. Let a be z(p). Let h(v) = v**3 - 7*v**2 + 3*v + 7. Determine h(a).
-28
Suppose o = 3*o - 4*z - 8, -19 = -o + 5*z. Let a(c) = c**3 + 4*c**2 - 13*c - 9. Determine a(o).
-3
Let b(u) = 47*u**3 + 8*u**2 + 14*u - 27. Let o(a) = 12*a**3. Let k(j) = -b(j) + 4*o(j). What is k(10)?
87
Let g(d) = 45. Let b(q) = q + 5. Let n(i) = -18*b(i) + 2*g(i). Let j = -37 + 49. Suppose -j = 2*y - 10. Give n(y).
18
Let c(q) = 5*q - 17. Let o(v) = -21*v + 25. Let i be o(1). Let s(f) = -6*f + 16. Let d(u) = i*c(u) + 3*s(u). Give d(12).
4
Let x(z) = z**2 - 8*z + 6. Let a be ((-12)/(-15))/((-2)/(-5)) - 46. Let t = 124 + a. Let s be 82/10 - 16/t. What is x(s)?
6
Suppose 20*i = 8*i + 36. Let m(p) = 25 + 2*p + 2*p - i*p - 20. Calculate m(-5).
0
Let w(r) = 30*r + 19. Suppose -20*u + 54*u - 238 = 0. Let m(a) = -26*a - 18. Let g(f) = u*m(f) + 6*w(f). What is g(-8)?
4
Let c(a) = -16*a**3 + a**2 + 3*a + 2. Let f = -4570 - -4569. Determine c(f).
16
Let g(y) = 2*y - 3. Let a(d) = -5*d + 5. Let u(r) = -3*a(r) - 7*g(r). Suppose -q - 59 = 4*l, 3*q - 79 = -76. Calculate u(l).
-9
Suppose -2*m + 3 = -1. Suppose -m*k + 5*z = -21, -k + 2*z = 1 - 9. Let b be (-3 - k)/((12/(-8))/(-3)). Let p(f) = -3*f + 2. Give p(b).
8
Let l(z) = 18*z**2 - 59*z + 59. Let t(x) = 5*x**2 - 15*x + 15. Let f(b) = 6*l(b) - 22*t(b). Determine f(-14).
-32
Suppose -3*l - 11 = -w, 321*l - 323*l = -3*w + 5. Let n(g) = g**2 + 73*g + 281. Determine n(l).
5
Let r = 44 + -48. Let w be ((r - -3) + -1)*(-1)/(-1). Let b(g) be the third derivative of 5*g**4/24 + 2*g**2. Determine b(w).
-10
Let f be (-3)/(-6)*(-2 + 14). Let o be (-13)/2*1 + 9/f. Let w(m) = m**3 + 6*m**2 + 5*m + 3. Give w(o).
3
Let t(z) be the second derivative of -1/24*z**4 + 0 + 26*z - 7*z**2 + 0*z**3. Let p(s) be the first derivative of t(s). Determine p(-3).
3
Let x = 31 - 28. Let l be 1 - 0*1/x. Let w(k) = -175*k**2 - 163*k**2 - 175*k**2 + 514*k**2 - k + 9*k**3. What is w(l)?
9
Suppose -28 = -